2*q - 5, 3 = 4*q - 3*r + 6. Let u = q + 5. Let d be v(u). What is the highest common factor of 4 and d?
4
Suppose -4 = -3*k + 11. Let j(c) = -c + 11. Let f be j(k). Calculate the highest common factor of 9 and f.
3
Let k(v) = 3*v**2 - v. Let h be k(1). Suppose -d = -0*d - h. Calculate the greatest common factor of 22 and d.
2
Let k(u) = -4*u + 3. Let s = -3 + 9. Let f = 3 - s. Let o be k(f). What is the highest common divisor of 10 and o?
5
Let t = 30 + -19. What is the highest common divisor of t and 22?
11
Suppose 0 = -2*u + 260 - 64. What is the greatest common divisor of 14 and u?
14
Let c(m) = -m + 16. Let b be c(4). What is the highest common divisor of b and 96?
12
Suppose 18 = -f + 2*f - 4*q, q = -5*f + 27. Suppose 0 + 12 = 2*u. Calculate the highest common factor of u and f.
6
Let q = 0 - -20. Suppose -5*u = -q - 25. What is the greatest common divisor of 3 and u?
3
Let l = 27 - 19. Let z = 2 + -1. What is the greatest common divisor of z and l?
1
Let y be 5708/34 + 4/34. Calculate the greatest common factor of y and 21.
21
Let c(t) = 28*t + 1. Let i be c(-4). Suppose -3*g + 3*a + 683 = g, 5*g = -2*a + 825. Let n = g + i. Calculate the greatest common factor of 7 and n.
7
Suppose 3*o = 4*q - 21 + 7, 0 = 3*q + 3*o - 21. Suppose 0 = -q*w - 17 + 492. Suppose -v - 4*v = -w. What is the highest common factor of v and 114?
19
Suppose -7*u = -2*u + 5, u = -3*w + 35. Suppose -4*r + 1 - w = o, 0 = -5*o + 4*r + 17. Suppose 0 = -2*t + 1 + 9. What is the greatest common divisor of o and t?
1
Let p be (-7)/21 - (-28)/(-6). Let k(c) = c**3 + 5*c**2 - 4*c - 6. Let u be k(p). Suppose -28 = 2*b - 6*b. What is the greatest common factor of u and b?
7
Let c(w) = 156*w**3 - 3*w**2 + 3*w - 1. Let n be c(1). Calculate the highest common factor of n and 5.
5
Suppose 2*s = 4*s - 186. Let k(o) = 5*o**2 + 3*o + 1. Let l be k(-2). Let p be s/5 + 6/l. Calculate the highest common divisor of p and 133.
19
Suppose -c - 8 = -4*j, -j + 2 = 4*c - 9*c. Suppose c = -w + 2*w. Suppose w = -4*r + 18 + 6. Calculate the highest common factor of 30 and r.
6
Let g(i) = i**2 + 6*i + 1. Let z be g(-6). Let y = 8 + z. What is the highest common divisor of y and 6?
3
Suppose 0 = 6*p - 367 - 353. What is the highest common divisor of 48 and p?
24
Suppose 0 = v - 0*v - 240. Suppose 4*u - v = -0*u. Calculate the highest common divisor of u and 20.
20
Suppose 0*q - 5*q + c = -36, 0 = -3*q + 3*c + 12. Let u(r) = 30*r + 10. Let g be u(q). Suppose -4*h + g = h. Calculate the greatest common factor of h and 10.
10
Let a be 97 - (15/(-10))/((-2)/(-4)). Suppose -24 = -2*d + 16. What is the greatest common divisor of d and a?
20
Let y = 4 + -1. Suppose -6*m = -y*m + 9, 3*c - 2*m = 45. Let f(v) = -7*v - 2. Let l be f(-4). What is the highest common divisor of c and l?
13
Let z be (8/16)/((-2)/(-168)). Let r = -9 + z. Calculate the greatest common factor of r and 22.
11
Suppose -2*s = 3*v - 10, -v - 5*s - 2 = -1. Let a = 43 + -3. What is the greatest common factor of v and a?
4
Let w be 3/(3 - (-109)/(-36)). Let u = w - -173. Calculate the greatest common factor of 26 and u.
13
Suppose -16 = -x + c, -x + 4*c = 2*c - 20. What is the greatest common factor of x and 132?
12
Suppose 134 = 4*u - 90. Let l be ((-24)/20)/(6/(-100)). Let j = -12 + l. Calculate the highest common divisor of j and u.
8
Suppose -402 = -4*d + n - 2*n, -3*d = n - 302. What is the highest common divisor of 25 and d?
25
Suppose 231 = 4*n - 209. What is the highest common divisor of n and 10?
10
Let g = 24 + -14. What is the highest common divisor of 10 and g?
10
Let q = -54 - -114. Let r = -12 + q. What is the highest common factor of 6 and r?
6
Suppose 0 = 3*n - n + 14. Let i(m) = -m - 7. Let x be i(n). Suppose x = 4*k - 7*k + 108. Calculate the greatest common divisor of k and 12.
12
Suppose 2*p - 3*i = -41, -i + 22 = -4*p - 75. Let t = p - -27. Calculate the highest common factor of 14 and t.
2
Let w(n) = n**2 + 3*n. Let u be 3/(-4) + (-39)/12. Let k be w(u). Let z(b) = 37*b + 5. Let p be z(k). What is the greatest common divisor of 17 and p?
17
Let a be (0*(-3)/(-9))/(-2). Suppose a = 4*p, 0*k = k + 4*p - 5. Suppose 4*z - 107 = 33. What is the greatest common factor of z and k?
5
Let y(c) = 2*c**3 - 4*c**2 + 2*c - 2. Let h be y(3). What is the highest common divisor of 2 and h?
2
Let a be (-3)/(2*12/(-208)). Suppose -3*b - 2*q + a = -b, -3 = -q. What is the greatest common factor of 4 and b?
2
Let n(z) = 2*z**2 + 3*z - 4. Let i be n(-3). Let b(p) = 5*p - 6. Let s be b(i). What is the highest common divisor of 152 and s?
19
Let q be (4/6)/((-2)/(-39)). Suppose 0 = -h + 49 + 3. Calculate the highest common factor of h and q.
13
Let q(k) = -k + 12. Let v be q(9). Let z = -28 - -52. Calculate the highest common factor of v and z.
3
Let q(r) = 11*r**3 + 2*r**2 - 1. Let d be q(1). Calculate the highest common factor of 96 and d.
12
Suppose -157 = -2*g - 133. Let y(r) = r**3 - 6*r**2 + r - 3. Let a be y(6). Calculate the greatest common divisor of a and g.
3
Suppose 0 = -13*g + 49 + 29. Let p = -8 + 11. Suppose 4*r = 3*h + 39, -p*h - 45 = -4*r - r. What is the highest common divisor of g and r?
6
Suppose 60 = 2*o + 4*m, 0 = 3*o + o + 2*m - 120. Let w(k) = -5*k**2 - 12 - 7*k + 5 + 4*k**2. Let h be w(-5). Calculate the greatest common factor of o and h.
3
Suppose 0 = -k + 3*k - 6. Suppose -r + k*j - 7 = 0, -1 - 1 = -4*r + 2*j. Suppose -7 = -r*t + 47. What is the highest common factor of 18 and t?
9
Let f be (-1)/((-1)/(7*16)). Suppose -3*b + f = b. What is the highest common factor of b and 4?
4
Let u be (8/(-60)*-5)/((-2)/(-30)). What is the greatest common divisor of u and 4?
2
Let l(j) = -j**3 + 5*j**2 - 5*j - 4. Let f be l(4). Let y = f + 56. What is the highest common factor of y and 24?
24
Let n = -12 - -9. Let m(f) be the third derivative of f**5/60 + f**4/12 - f**3/6 - f**2. Let y be m(n). What is the highest common factor of y and 4?
2
Let b = 28 - 19. Let t = -4 - -7. Suppose -t*z + 13 = -o - 1, -2*o = 3*z - 26. Calculate the highest common divisor of b and z.
3
Suppose 2*g - 48 = -38. What is the greatest common divisor of 40 and g?
5
Let x(n) = n**3 + 5*n**2 - 2*n - 1. Let m be x(-4). Calculate the highest common factor of m and 207.
23
Let m be 0/(-2) - 30*-1. Suppose -4*p + 38 = -m. Suppose 3*u - 116 = 139. What is the highest common factor of u and p?
17
Let j(p) = 2*p + 2*p**2 - 3 + 2*p + 0*p + 0*p. Let x be j(4). Calculate the greatest common factor of 18 and x.
9
Let l = -41 + 51. Calculate the highest common factor of l and 110.
10
Suppose 22 = -5*s + 192. What is the highest common factor of 85 and s?
17
Let v(k) = -k**2 + 11*k + 10. Let q be v(12). Let j be q/11 - (-136)/22. Calculate the highest common divisor of 66 and j.
6
Suppose 3*d - 38 = 103. What is the greatest common divisor of d and 141?
47
Let t(z) = z**2 + 19*z + 18. Let k be t(-14). Let d = 129 + k. Let y be 23/2 - (-2)/(-4). Calculate the greatest common divisor of y and d.
11
Let a be 6*3*(-4)/(-12). Calculate the greatest common factor of 15 and a.
3
Let p(l) = l**3 + 4*l**2 + 4*l + 2. Let z be p(-2). What is the highest common factor of z and 5?
1
Suppose -f = -3*f - 2. Let r(c) = -11*c - 7. Let y(m) = 1. Let n(u) = r(u) + 6*y(u). Let j be n(f). Calculate the greatest common divisor of 15 and j.
5
Suppose -4*a = 2*z - 7*a + 1, z = 2*a. Let x be z + 2*11 + -2. Suppose 6*n - 10*n = -108. Calculate the greatest common divisor of x and n.
9
Let h = -24 + 33. What is the highest common divisor of h and 9?
9
Let t be 33/(-44) + (-19)/(-4). Suppose t*s - 73 = -4*p - 21, -4*s = 3*p - 38. Suppose 35 = g - 0*g. Calculate the highest common factor of p and g.
7
Suppose -4 = -4*z + 12. What is the greatest common divisor of 1 and z?
1
Let q = 6 - 6. Let n be (q - (-96)/(-10))*-5. Calculate the greatest common divisor of 12 and n.
12
Suppose 24 = -u + 5*u. Suppose -s + 13 - u = 0. What is the greatest common divisor of 7 and s?
7
Let k be (-1 - 1) + 1 + 11. Suppose -3*i - 2*i = -k. Let w = 5 + -3. Calculate the greatest common divisor of i and w.
2
Suppose 5*u - 98 = -b, -6*u + b + 62 = -3*u. Calculate the greatest common divisor of u and 5.
5
Suppose -5*j = -6*j. Suppose 8*a - 4*a - 52 = j. Calculate the highest common divisor of 65 and a.
13
Let 